037 prime?
False
Is 24506 a composite number?
True
Is 7753 composite?
False
Is 3050681 composite?
False
Is 768441 a composite number?
True
Is 27323 prime?
False
Is 27941 a prime number?
True
Is 90599 a composite number?
False
Is 99703 a prime number?
False
Is 204299 prime?
True
Is 862019 a composite number?
True
Is 244099 prime?
False
Is 14002 a composite number?
True
Is 955767 composite?
True
Is 42591 a prime number?
False
Is 33443 composite?
True
Is 39703 composite?
False
Is 6487 a composite number?
True
Is 1309237 a composite number?
False
Is 30671 a composite number?
False
Is 157037 a prime number?
True
Is 3081083 a composite number?
False
Is 171565 composite?
True
Is 132123 prime?
False
Is 2087759 a prime number?
True
Is 212777 composite?
False
Is 3637 a prime number?
True
Is 27611 prime?
True
Is 130457 prime?
True
Is 2139091 a composite number?
False
Is 59905 a composite number?
True
Is 114339 prime?
False
Is 65363 a composite number?
True
Is 83047 prime?
True
Is 1534957 composite?
False
Is 170327 composite?
False
Is 68779 a composite number?
True
Is 39409 a prime number?
True
Is 229003 a prime number?
True
Is 19022 a prime number?
False
Is 61751 prime?
True
Is 32711 a composite number?
True
Is 719 composite?
False
Is 1277065 a composite number?
True
Is 11479 prime?
False
Is 1039 composite?
False
Is 58889 a composite number?
False
Is 17237 a prime number?
False
Is 739669 a composite number?
True
Is 37159 prime?
True
Is 7499 a prime number?
True
Is 16217 a composite number?
False
Is 823333 a prime number?
False
Is 1111 a composite number?
True
Is 274757 a composite number?
True
Is 200771 composite?
False
Is 257533 composite?
True
Is 206593 prime?
True
Is 15815 a prime number?
False
Is 14351 a composite number?
True
Is 372689 a prime number?
True
Is 1054949 a prime number?
False
Is 1383 prime?
False
Is 524211 prime?
False
Is 854111 a composite number?
False
Is 12869 a composite number?
True
Is 1293 a composite number?
True
Is 9133 a prime number?
True
Is 37307 a prime number?
True
Is 160931 a prime number?
False
Is 3833 a prime number?
True
Is 161819 a prime number?
False
Is 1623 composite?
True
Is 226307 prime?
True
Is 444401 prime?
True
Is 2464131 a prime number?
False
Is 218047 composite?
False
Is 206383 a composite number?
False
Is 448867 a composite number?
False
Is 333087 a composite number?
True
Is 9055 a prime number?
False
Is 17651 a composite number?
True
Is 827441 prime?
False
Is 175901 composite?
True
Is 74653 a composite number?
False
Is 16591 a composite number?
True
Is 20617 composite?
True
Is 75853 a prime number?
True
Is 1712579 a composite number?
True
Is 26309 a composite number?
False
Is 573 prime?
False
Is 33007 a prime number?
False
Is 11341 a prime number?
False
Is 3313 a composite number?
False
Is 2437 a prime number?
True
Is 604529 composite?
False
Is 6941 prime?
False
Is 9521 a composite number?
False
Is 28369 a prime number?
False
Is 96041 prime?
False
Is 14143 a composite number?
False
Is 32749 prime?
True
Is 14269 composite?
True
Is 83 a composite number?
False
Is 769 a composite number?
False
Is 55985 a composite number?
True
Is 89867 prime?
True
Is 9101 composite?
True
Is 272063 a composite number?
True
Is 103949 a composite number?
True
Is 993 a composite number?
True
Is 100351 a prime number?
False
Is 1036459 a composite number?
False
Is 76771 composite?
False
Is 26233 a composite number?
True
Is 51767 a prime number?
True
Is 2484673 composite?
False
Is 62849 a composite number?
True
Is 1345 a prime number?
False
Is 4687 composite?
True
Is 151783 a prime number?
True
Is 1296821 a prime number?
False
Is 1531549 a composite number?
False
Is 66641 prime?
False
Is 9773 a composite number?
True
Is 29819 a composite number?
False
Is 945551 prime?
False
Is 883174 a prime number?
False
Is 85159 composite?
False
Is 27479 prime?
True
Is 11989 a composite number?
True
Is 179071 composite?
True
Is 3083 a prime number?
True
Is 2395 prime?
False
Is 559573 a composite number?
True
Is 178985 composite?
True
Is 3691 a composite number?
False
Is 580001 prime?
True
Is 183 prime?
False
Is 6746 a composite number?
True
Is 515717 a composite number?
True
Is 1196219 composite?
False
Is 2659 a composite number?
False
Is 413 a composite number?
True
Is 52147 prime?
True
Is 3761 a prime number?
True
Is 2069 prime?
True
Is 1315367 a composite number?
False
Is 612301 prime?
True
Is 333679 a composite number?
False
Is 37043 a prime number?
False
Is 11623 a prime number?
False
Is 37865 prime?
False
Is 906805 prime?
False
Is 49739 a composite number?
False
Is 822941 prime?
False
Is 273457 composite?
False
Is 448441 prime?
False
Is 16673 prime?
True
Is 545843 a prime number?
True
Is 18059 composite?
False
Is 29437 prime?
True
Is 136909 composite?
True
Is 172369 prime?
False
Is 433361 a composite number?
False
Is 23801 a prime number?
True
Is 834073 prime?
False
Is 96581 a prime number?
True
Is 150721 a composite number?
False
Is 167203 prime?
False
Is 4999 composite?
False
Is 36107 prime?
True
Is 85 composite?
True
Is 35719 prime?
False
Is 2039 composite?
False
Is 65 composite?
True
Is 2573 a composite number?
True
Is 103123 a prime number?
True
Is 42043 a prime number?
True
Is 157 prime?
True
Is 588449 a composite number?
True
Is 397 prime?
True
Is 290897 a composite number?
False
Is 15983 composite?
True
Is 11957 prime?
False
Is 645163 a composite number?
True
Is 10357 composite?
False
Is 209533 a prime number?
True
Is 53779 a composite number?
True
Is 54707 a prime number?
False
Is 15077 composite?
False
Is 184409 a prime number?
True
Is 178753 a prime number?
True
Is 126253 composite?
True
Is 151027 a prime number?
True
Is 690037 prime?
True
Is 107827 a composite number?
False
Is 386683 a prime number?
False
Is 615518 a composite number?
True
Is 65867 a composite number?
False
Is 10711 a composite number?
False
Is 1313813 prime?
True
Is 4177 composite?
False
Is 5579 a prime number?
False
Is 161201 a prime number?
True
Is 39971 prime?
True
Is 318377 a composite number?
False
Is 196787 a prime number?
False
Is 917981 a composite number?
True
Is 505 a composite number?
True
Is 173697 composite?
True
Is 50759 a prime number?
False
Is 16519 a composite number?
False
Is 4267 composite?
True
Is 233635 composite?
True
Is 4309 a composite number?
True
Is 339557 prime?
True
Is 19579 a prime number?
False
Is 5323 composite?
False
Is 105863 composite?
False
Is 2059 a prime number?
False
Is 39395 a prime number?
False
Is 111221 composite?
True
Is 231685 a prime number?
False
Is 1799 composite?
True
Is 115057 prime?
True
Is 9411 a prime number?
False
Is 2159 a composite number?
True
Is 33679 prime?
True
Is 1259 composite?
False
Is 21467 a prime number?
True
Is 3491 prime?
True
Is 117917 a prime number?
True
Is 1393463 prime?
False
Is 397465 a composite number?
True
Is 344567 prime?
True
Is 314747 composite?
False
Is 8201 a composite number?
True
Is 252429 prime?
False
Is 125639 prime?
True
Is 15503 composite?
True
Is 199961 a prime number?
True
Is 17957 composite?
False
Is 458719 composite?
False
Is 2306911 prime?
True
Is 10909 prime?
True
Is 12703 a composite number?
False
Is 590567 prime?
True
Is 158713 a prime number?
False
Is 839831 a prime number?
True
Is 3308027 prime?
True
Is 17923 a prime number?
True
Is 3761 composite?
False
Is 61891 a prime number?
False
Is 151597 a composite number?
False
Is 613897 a composite number?
True
Is 110017 a composite number?
False
Is 858233 a composite number?
False
Is 2353 a prime number?
False
Is 1499 a prime number?
True
Is 1949 a composite number?
False
Is 268683 a prime number?
False
Is 105109 a prime number?
False
Is 1311503 composite?
False
Is 1039 prime?
True
Is 3085 a composite number?
True
Is 152363 a prime number?
True
Is 2972287 a composite number?
False
Is 34403 prime?
True
Is 86813 a prime number?
True
Is 49717 a prime number?
False
Is 15091 a prime number?
True
Is 4227 a composite number?
True
Is 29149 a composite number?
True
Is 170579 a composite number?
False
Is 1213 composite?
False
Is 127291 composite?
False
Is 386207 prime?
False
Is 9199 composite?
False
Is 211119 prime?
False
Is 36451 composite?
False
Is 6007 prime?
True
Is 406631 composite?
False
Is 899 a composite number?
True
Is 9